?
109
Calculate the remainder when 1068529 is divided by 14247.
4
Calculate the remainder when 6654571 is divided by 18.
7
Calculate the remainder when 2844666 is divided by 10.
6
Calculate the remainder when 81294 is divided by 40153.
988
What is the remainder when 65902 is divided by 2772?
2146
What is the remainder when 1673870 is divided by 69?
68
What is the remainder when 4587452 is divided by 215?
212
What is the remainder when 90014329 is divided by 8?
1
Calculate the remainder when 42393 is divided by 4661.
444
What is the remainder when 36477 is divided by 14434?
7609
What is the remainder when 222453 is divided by 144?
117
What is the remainder when 4702696 is divided by 24751?
6
Calculate the remainder when 29982525 is divided by 9994152.
69
What is the remainder when 2627224 is divided by 16?
8
What is the remainder when 42166751 is divided by 19?
13
Calculate the remainder when 2199573 is divided by 38.
19
Calculate the remainder when 2616809 is divided by 105.
104
Calculate the remainder when 4213 is divided by 99.
55
What is the remainder when 1077817 is divided by 10?
7
What is the remainder when 28497 is divided by 1030?
687
Calculate the remainder when 1353141 is divided by 964.
649
What is the remainder when 745246 is divided by 1157?
138
What is the remainder when 49389086 is divided by 398299?
10
Calculate the remainder when 1148739 is divided by 9493.
86
What is the remainder when 1278371 is divided by 1077?
1049
Calculate the remainder when 159701 is divided by 48.
5
Calculate the remainder when 932268 is divided by 774.
372
Calculate the remainder when 1542255 is divided by 771039.
177
Calculate the remainder when 522883 is divided by 7258.
307
Calculate the remainder when 6673197 is divided by 477.
444
Calculate the remainder when 216491627 is divided by 898.
889
Calculate the remainder when 2904797 is divided by 664.
461
What is the remainder when 9534927 is divided by 3178307?
6
Calculate the remainder when 19643724 is divided by 613866.
12
Calculate the remainder when 1035169835 is divided by 929.
928
Calculate the remainder when 32953 is divided by 4062.
457
What is the remainder when 2131852 is divided by 2131829?
23
Calculate the remainder when 390728 is divided by 7892.
4020
What is the remainder when 795550 is divided by 137?
128
What is the remainder when 158868931 is divided by 3242223?
4
What is the remainder when 1780474 is divided by 11?
3
What is the remainder when 61397904 is divided by 5287?
5260
Calculate the remainder when 4077824 is divided by 4217.
4202
Calculate the remainder when 45597886 is divided by 32.
30
What is the remainder when 131341134 is divided by 2377?
2376
Calculate the remainder when 1230388 is divided by 1230156.
232
What is the remainder when 290722838 is divided by 41?
38
Calculate the remainder when 32500 is divided by 921.
265
What is the remainder when 2091371 is divided by 2545?
1926
Calculate the remainder when 43391944 is divided by 218.
134
Calculate the remainder when 104516 is divided by 1691.
1365
Calculate the remainder when 120100427 is divided by 7064731.
0
What is the remainder when 305964411 is divided by 26?
25
What is the remainder when 5518878 is divided by 6229?
6213
What is the remainder when 23531 is divided by 2406?
1877
What is the remainder when 71333 is divided by 329?
269
Calculate the remainder when 1532928 is divided by 9521.
47
What is the remainder when 11683970 is divided by 2252?
594
Calculate the remainder when 1189676 is divided by 249.
203
Calculate the remainder when 28630057 is divided by 1457.
7
What is the remainder when 4224964 is divided by 373?
366
What is the remainder when 365065 is divided by 1883?
1646
Calculate the remainder when 1906844 is divided by 76272.
44
What is the remainder when 2543390 is divided by 49?
45
What is the remainder when 47452 is divided by 1164?
892
What is the remainder when 858507 is divided by 45184?
11
What is the remainder when 93939 is divided by 46363?
1213
What is the remainder when 613372 is divided by 924?
760
What is the remainder when 66456918 is divided by 1337?
1333
Calculate the remainder when 3638286 is divided by 1157.
678
Calculate the remainder when 684868 is divided by 97838.
2
What is the remainder when 931663 is divided by 465800?
63
Calculate the remainder when 281498 is divided by 39502.
4984
Calculate the remainder when 1514756 is divided by 1150.
206
What is the remainder when 1641245 is divided by 24495?
80
Calculate the remainder when 128869 is divided by 698.
437
Calculate the remainder when 237921 is divided by 19816.
129
What is the remainder when 73496 is divided by 73442?
54
Calculate the remainder when 11591674 is divided by 14.
10
Calculate the remainder when 218427 is divided by 31196.
55
Calculate the remainder when 10969 is divided by 5452.
65
What is the remainder when 696627 is divided by 11347?
4460
Calculate the remainder when 442457 is divided by 16380.
197
Calculate the remainder when 178579013 is divided by 2362.
3
What is the remainder when 13398114 is divided by 5054?
5014
Calculate the remainder when 16721 is divided by 2001.
713
What is the remainder when 5644989 is divided by 3053?
3045
Calculate the remainder when 55630791 is divided by 796.
739
Calculate the remainder when 17816417 is divided by 1188.
1169
Calculate the remainder when 510367 is divided by 3112.
3111
Calculate the remainder when 29848639 is divided by 8.
7
Calculate the remainder when 473599 is divided by 468.
451
Calculate the remainder when 1225901 is divided by 408633.
2
What is the remainder when 752414 is divided by 93944?
862
What is the remainder when 554717 is divided by 277310?
97
What is the remainder when 1425015 is divided by 177?
165
Calculate the remainder when 9764150 is divided by 7206.
20
What is the remainder when 87392466 is divided by 43696209?
48
What is the remainder when 48002965 is divided by 258?
1
Calculate the remainder when 8083302 is divided by 976.
70
Calculate the remainder when 293198 is divided by 441.
374
Calculate the remainder when 1215533 is divided by 6106.
439
What is the remainder when 73404297 is divided by 1887?
1884
Calculate the remainder when 75906 is divided by 80.
66
What is the remainder when 251547 is divided by 41923?
9
Calculate the remainder when 2236109 is divided by 149068.
89
Calculate the remainder when 13326420 is divided by 1495.
1485
Calculate the remainder when 616900 is divided by 27962.
1736
What is the remainder when 214715596 is divided by 400?
396
Calculate the remainder when 8138227 is divided by 6495.
6487
What is the remainder when 53682656 is divided by 19?
18
What is the remainder when 62553589 is divided by 50?
39
Calculate the remainder when 6938860 is divided by 52.
32
Calculate the remainder when 1477430 is divided by 185.
20
Calculate the remainder when 1049582 is divided by 5301.
5285
What is the remainder when 2431581 is divided by 862?
741
What is the remainder when 4323750 is divided by 196514?
442
Calculate the remainder when 272918675 is divided by 2168.
2163
What is the remainder when 28777963 is divided by 192?
43
Calculate the remainder when 447888 is divided by 344.
0
Calculate the remainder when 552771 is divided by 1840.
771
Calculate the remainder when 217168 is divided by 2173.
2041
What is the remainder when 14854918 is divided by 17?
12
What is the remainder when 226630 is divided by 3597?
19
What is the remainder when 43016702 is divided by 141?
140
What is the remainder when 1448144 is divided by 723683?
778
Calculate the remainder when 47597 is divided by 633.
122
What is the remainder when 612074 is divided by 102007?
32
What is the remainder when 3790980 is divided by 291613?
11
What is the remainder when 9135782 is divided by 4567868?
46
What is the remainder when 1525426 is divided by 8667?
34
Calculate the remainder when 1594428 is divided by 206.
194
What is the remainder when 145056 is divided by 72521?
14
What is the remainder when 2283439 is divided by 2134?
59
What is the remainder when 2529500 is divided by 41?
5
What is the remainder when 348987 is divided by 1794?
951
What is the remainder when 1737561 is divided by 1737556?
5
Calculate the remainder when 17846622 is divided by 2343.